 is 3838 - 32?
3806
In base 2, what is 1 + 11011110000011101110?
11011110000011101111
In base 5, what is -14043232 + -11?
-14043243
In base 15, what is -41e5 + -e?
-4204
In base 15, what is 2 - 2752e?
-2752c
In base 13, what is -b253 - 7?
-b25a
In base 6, what is -1015101 - -20?
-1015041
In base 16, what is -3b + -2da5?
-2de0
In base 15, what is e + 380?
38e
In base 15, what is 279ce - 24?
279aa
In base 3, what is 112112 + 200210?
1020022
In base 7, what is -2 - -122045?
122043
In base 10, what is -39 - 3920?
-3959
In base 13, what is 36a - -115?
482
In base 15, what is -91a + -9?
-924
In base 15, what is 2 - 1a99?
-1a97
In base 6, what is 222205 + 2?
222211
In base 7, what is 166 - -25260?
25456
In base 8, what is 6 - 26142?
-26134
In base 2, what is 111 - 110111100100001?
-110111100011010
In base 12, what is -199442 + -1?
-199443
In base 11, what is 467 - 67?
400
In base 13, what is -14 + 32214?
32200
In base 15, what is 28 - -465?
48d
In base 14, what is -aa - 365c?
-3728
In base 13, what is -94 + 1672?
15ab
In base 6, what is 100105 - -52?
100201
In base 13, what is -23c23 + -4?
-23c27
In base 8, what is -1 - -40767?
40766
In base 15, what is 8b - 254b?
-24b0
In base 14, what is -7b4d + -c0?
-7c2d
In base 12, what is ba - -143?
241
In base 14, what is -9 + -3472?
-347b
In base 5, what is 242 + 4412?
10204
In base 9, what is -18733 - -37?
-18685
In base 2, what is 101 - -10000001101000?
10000001101101
In base 13, what is 19 + 5825?
5841
In base 11, what is -24 + -7341?
-7365
In base 6, what is 112435223 + -3?
112435220
In base 10, what is -1616 - 311?
-1927
In base 5, what is 2212230 + 10?
2212240
In base 14, what is -4d0d - c1?
-4dd0
In base 6, what is -231321 - -4?
-231313
In base 12, what is -4358 - 7?
-4363
In base 8, what is -22 + -1440?
-1462
In base 14, what is -3 - -93b0b?
93b08
In base 12, what is -9 + -1487?
-1494
In base 11, what is -7 - 16619?
-16625
In base 9, what is -5 + -6813?
-6818
In base 3, what is 2020 - 20220201?
-20211111
In base 14, what is 21940 + -5?
21939
In base 14, what is a2b8 + 4?
a2bc
In base 6, what is 25140050 - 1?
25140045
In base 4, what is -31021 + 20320?
-10101
In base 13, what is 5a497 - 2?
5a495
In base 14, what is -a6b5 + -b?
-a6c2
In base 14, what is 45 + -638?
-5d3
In base 7, what is -116313 - -5?
-116305
In base 2, what is 1000000101 + 10100100?
1010101001
In base 2, what is -10111111100001101 - -11?
-10111111100001010
In base 10, what is -3 - 15729?
-15732
In base 7, what is -3 - -4222?
4216
In base 7, what is 10 - -2502015?
2502025
In base 16, what is 4 - -1785?
1789
In base 15, what is -6 + -1ae6?
-1aec
In base 14, what is -2 - -248829?
248827
In base 9, what is -1041 + 227?
-713
In base 16, what is 2 - 22e6?
-22e4
In base 14, what is 2 + b3a1?
b3a3
In base 4, what is -110 + -101232000?
-101232110
In base 6, what is -1114 - -44045?
42531
In base 15, what is -3a3 - -76?
-32c
In base 4, what is 0 + -11320231?
-11320231
In base 13, what is 1a9 + -22?
187
In base 14, what is 73 - -1565?
15d8
In base 12, what is -2 - -187880?
18787a
In base 3, what is 21 - 10002112122?
-10002112101
In base 16, what is 11efe - -4?
11f02
In base 11, what is -790 - 154?
-934
In base 10, what is -5 - 212924?
-212929
In base 8, what is -20 + 25426?
25406
In base 4, what is -1131222 + -3?
-1131231
In base 5, what is 13012 - 21134?
-3122
In base 5, what is -1 + 10002?
10001
In base 3, what is -1001121 + 10?
-1001111
In base 4, what is -12032 + 212032?
200000
In base 4, what is 0 - -12331221?
12331221
In base 14, what is 2 + -31d90?
-31d8c
In base 5, what is -243 + 400?
102
In base 7, what is 1524 - -12644?
14501
In base 10, what is 27165 - 2?
27163
In base 16, what is -4e81e - 3?
-4e821
In base 16, what is -1951 + 9?
-1948
In base 9, what is -3 - -485717?
485714
In base 14, what is -891 - -19?
-876
In base 2, what is 101110000010011 - 1?
101110000010010
In base 5, what is 341103 + -10?
341043
In base 6, what is -2 - -1004024?
1004022
In base 16, what is 5 - -1326?
132b
In base 9, what is -324 + -820?
-1244
In base 13, what is cca1b - -5?
cca23
In base 10, what is -1685 + -295?
-1980
In base 4, what is 11 + 221232200?
221232211
In base 15, what is 834 - 1bb?
668
In base 15, what is -69e155 + 3?
-69e152
In base 9, what is 253 - 44?
208
In base 11, what is -4502 + -79?
-4580
In base 2, what is -1000 - 11101100000010000?
-11101100000011000
In base 2, what is 1000111111111011111011 - -101?
1000111111111100000000
In base 10, what is -63871 - 1?
-63872
In base 6, what is 32234535 + 5?
32234544
In base 7, what is 1556550 + -1?
1556546
In base 13, what is 3 + -827?
-824
In base 5, what is -1 - -242012?
242011
In base 11, what is 3 - -258a80?
258a83
In base 5, what is -12443 - -44?
-12344
In base 13, what is -6 - -1393?
138a
In base 7, what is -10124 - -153?
-6641
In base 7, what is -6146 - 15?
-6164
In base 10, what is 1 + -327288?
-327287
In base 5, what is 2130 - -2022?
4202
In base 8, what is -13274 - -322?
-12752
In base 6, what is 542 + 355?
1341
In base 13, what is -2144 - b?
-2152
In base 14, what is -4 - -15207?
15203
In base 3, what is 2200102002 + -1111?
2200100121
In base 7, what is -30 + -14460?
-14520
In base 7, what is -2065252 + -2?
-2065254
In base 12, what is 6 + 154a?
1554
In base 6, what is -2131435 - 0?
-2131435
In base 16, what is -3b9 - -5f6?
23d
In base 10, what is 30 - 3309?
-3279
In base 15, what is 3b3 - 60?
353
In base 13, what is -1544b6 - 5?
-1544bb
In base 4, what is 233232 - -202?
300100
In base 8, what is -666 + 202?
-464
In base 9, what is 48476 - 14?
48462
In base 13, what is 74b + -190?
58b
In base 12, what is 18518 - 0?
18518
In base 10, what is 38370 + 2?
38372
In base 8, what is -7 - 33077?
-33106
In base 3, what is -10 - 10020021210?
-10020021220
In base 11, what is -115 - 3427?
-3541
In base 2, what is 1111100100110001 + 111?
1111100100111000
In base 16, what is -58 + -dca?
-e22
In base 16, what is -438 - 18?
-450
In base 5, what is 22122024 + -3?
22122021
In base 9, what is 3534435 - 2?
3534433
In base 9, what is -770526 + 1?
-770525
In base 3, what is -222001111 - -2?
-222001102
In base 12, what is 84 - -3ba?
482
In base 7, what is -1 - 34150?
-34151
In base 11, what is -9 - aa300?
-aa309
In base 8, what is -5016 + 166?
-4630
In base 6, what is -42511 + -332?
-43243
In base 15, what is -1509d - -5?
-15098
In base 13, what is -370 - 2?
-372
In base 12, what is 981 + 11?
992
In base 2, what is 100100000101001 + -1011?
100100000011110
In base 14, what is -3 + 1ab88?
1ab85
In base 6, what is -3032 - -4?
-3024
In base 5, what is 11 - 14424?
-14413
In base 14, what is -d4 + 22?
-b2
In base 7, what is -2421 - -20?
-2401
In base 9, what is -633623 + 10?
-633613
In base 2, what is -100100100010101 + 0?
-100100100010101
In base 8, what is -2255446 - 0?
-2255446
In base 12, what is 29 + -186?
-159
In base 3, what is 210 + 12021212?
12022122
In base 15, what is -9 - -b1eb5?
b1eab
In base 16, what is 5f351 - 5?
5f34c
In base 12, what is 5 - -b00?
b05
In base 15, what is 3c9ee - 2?
3c9ec
In base 9, what is -25222 - 0?
-25222
In base 12, what is -5 - 153a2?
-153a7
In base 7, what is -1120032 + -46?
-1120111
In base 6, what is 3 - -13045504?
13045511
In base 14, what is 1949 - -46?
1991
In base 8, what is -6 - 7232?
-7240
In base 15, what is 1b6 + 5e?
225
In base 9, what is 11 - 12867?
-12856
In base 12, what is -12 + 8a874?
8a862
In base 10, what is -836478 + 3?
-836475
In base 12, what is -1700baa - 1?
-1700bab
In base 2, what is 11010111011000101001 - -100?
11010111011000101101
In base 7, what is 24 - 1050443?
-1050416
In base 3, what is 1 + 210221102110?
210221102111
In base 6, what is 5 - 30524?
-30515
In base 16, what is 2f1bb9 + 1?
2f1bba
In base 5, what is 20303120 - 2?
20303113
In base 2, what is 10 - 11111111010110?
-11111111010100
In base 13, what is -1b + 1499?
147b
In base 12, what is -2802 - -9?
-27b5
In base 9, what is 735 + 1218?
2054
In base 7, what is -501524 - 3?
-501530
In base 7, what is 1023 + 2?
1025
In base 13, what is -3333a - 13?
-33350
In base 11, what is -4 - -8912?
8909
In base 9, what is 1080 + 36?
1126
In base 4, what is 110 - -10303?
11013
In base 5, what is -123432 - 30?
-124012
In base 8, what is 1 - 7453?
-7452
In base 14, what is 5dc + -abd?
-4c1
In base 8, what is 2